t is -1 - (-5 + 3 + (-23 - -30))?
-6
Evaluate 26 - (7 + -4 + -6) - (-42 + 49).
22
Evaluate -54 + 1 + 0 + -1 - (-38 - 15 - -50).
-51
What is 61 - (7 + 75 + -28)?
7
Evaluate -5 + -6 + (-5 - 27) - (-27 + -41 + 63).
-38
47 - (-4 + 2) - (-303 - -275 - (-38 - -6))
45
Evaluate (-7 - (-7 - -4)) + 1068 + -1150.
-86
Evaluate -2 + 12 - (-9522 - -9502).
30
What is (-28 - -15) + (-6 - 1) + 4 + 16 + -8?
-8
What is (1 - (9 - (-6 + 22))) + 85 - (-61 - -47)?
107
What is -7 - 22 - (-14 - (20 + -19))?
-14
What is the value of -18 + 30 - (-7 + (-1 - (-9 - 74)))?
-63
What is 65 + -122 + 81 + -25?
-1
What is -257 - -244 - (0 - -2 - 12)?
-3
What is -976 + 995 - (-92 + 4)?
107
What is (-35 - 7) + 34 + -14 + -1?
-23
What is the value of 70 - (21 + -13 - -27)?
35
What is ((3 - 0) + 0 - (-43 + 40)) + -1?
5
What is the value of (-2 - -150) + (-11 - -13 - (-82 + 94)) + -1?
137
Evaluate (-17 - 39) + (-4 - (-1 - (1 - -3))).
-55
What is -1526 + 1533 - (-11 - (1 - 1))?
18
Calculate -40 - (30 + (52 - 109)).
-13
What is -14 + (53 - 61) + (9 - -62)?
49
What is -3 + (-25 + (-12 + 64 - 22) - (7 - 1))?
-4
605 + -516 + (0 - 24) - (0 + -1 - 0)
66
Calculate 12 + -7 + (15 - 34 - -15).
1
Calculate -70 + ((24 - -2) + -32 - -20).
-56
What is the value of 811 - 729 - (88 - 8)?
2
Calculate (-14 - -22) + -78 + 39.
-31
What is -177 + 196 + -12 + -2 - (2 - -3)?
0
8 + (-36 - (-75 + 36))
11
What is 112 - (-166 + 443 - 142)?
-23
What is (-5 - -7) + (-58 - (31 - 62))?
-25
26 + (0 - 84 - (-19 - 5))
-34
Evaluate (0 - (-3 - -31)) + 11001 + -10963.
10
Calculate -27 + (-54 - -39 - -38).
-4
Calculate -7 - 93 - (22 + 14 - 45).
-91
Evaluate 397 + -309 + 5 + -33.
60
Calculate 27 + (18 - (-51 + 80)).
16
Calculate -14 - (-4 - (-43 - -5) - 58).
10
Calculate (35 - 23) + (48 - 16) + -17.
27
What is -9 + -1 + 8 - (3 + 4 + -3)?
-6
What is (48 + (39 - 33) + -7 - (0 + -6)) + 15?
68
Calculate -2 + (18 - 31 - -41 - -115).
141
77 + (56 - 88 - 113)
-68
Evaluate (-61 - -63) + (-33 + 51 - (8 - 1)) - -45.
58
Calculate 36 - (30 - (32 - -10 - 122)).
-74
Calculate -46 - (10 + (4 - 14) - (23 - 16)).
-39
What is -32 - (19 - (-8 - -32))?
-27
What is the value of (-9 + 13 + -24 + 10 - 4) + 31?
17
What is the value of -62 + (-12 - 3 - (33 - 63) - 4)?
-51
What is the value of (-56 - -70 - (4 + 4) - (-6 - 0)) + 85?
97
What is 4 - (-10 + -12) - (70 + -81)?
37
Calculate (-37 - -109) + 2 + -3 + 5.
76
(-47 - (-52 + 9)) + 53
49
(-2 - (6 + -11)) + 1 + -8 + -6 + 21
11
What is the value of -4 + 1 + -48 + -7 + (-18 - -17) + -8?
-67
What is the value of -43 + -29 + 40 + 8?
-24
What is 2 - (-14 + (53 - ((-13 - 0) + -6)))?
-56
What is (-64 + 31 - -32) + (-1 - -1) + 11?
10
Calculate 105 + (57 - 79) + -113.
-30
-9 - (35 - 8 - 56)
20
Calculate 10 + -26 + (74 - 54).
4
-9 + (16 - -83) + -45
45
Evaluate (-503 + 511 - (-1 + 3 + 0 + -71)) + -8.
69
What is 3 + -3 + (20 - 9) - (60 - 6 - -11)?
-54
Calculate -21 - ((32 - 26) + -50).
23
(8 - (17 - 10) - 3 - -3) + -8 - -11
4
What is (110 - 114) + (0 - 11) + (-65 - -17)?
-63
-15 + 12 + (29 - -3)
29
(-39 + 57 + -8 - (12 - -4)) + -1 + -18
-25
Evaluate 32 - (64 + -104 + 46).
26
Calculate -41 + 40 + -1 + -50 + (0 - -8) - 14.
-58
6 - (27 + (5 - 22) + -11) - (0 + -28)
35
Evaluate -10 + -2 + (26 - (0 + -23)).
37
Calculate -2 + 11 + 35 - 48 - (4 - (1 - 2)).
-9
Calculate -44 - (-15 - (4 + -40) - 5) - -15.
-45
Calculate 25 - 1 - (23 + (10 - (35 - 13)) + -6).
19
What is the value of -74 + 28 + 17 + 83?
54
Calculate 12 + (-50 - -16 - -75).
53
What is 46 + -5 - (11 - (-44 + 36))?
22
Calculate (12 - (-9 + -2 - -3)) + -13 - 44.
-37
Evaluate -4 + 50 - (-20 + 27 - -10).
29
What is (-16 - ((25 - 18) + -2)) + 27?
6
Evaluate (17651 - 17643) + (1 + -2 - -53).
60
Calculate 37 + 6 + -27 - -11 - -19.
46
What is the value of ((3 - 9) + 14 - 8) + 12 + -20?
-8
Evaluate 64 + (-28 - (6 + -9 + 20)).
19
-103 + (1 - ((-2 - -15) + -5 + (2 - 6)))
-106
(0 + 0 - 13) + (614 - 596) + 32
37
What is the value of (43 - -1) + -7 - ((-13 - -19) + 12)?
19
Evaluate -23 - ((-16 - -1) + (-1855 - -1838)).
9
Evaluate -2 + 16 + (162 - 243) + 16 + (-6 - -3).
-54
What is the value of 1718 + -1631 - (-18 - 0)?
105
Calculate 3 - (-2 + 0) - (-160 + 210 - (71 + -6)).
20
-8 - (-18 + -21 + 18) - 73
-60
What is the value of -35 - ((-4 - (-23 + 11)) + (-1 - 0) + 1)?
-43
Evaluate 71 - (-23 - -59) - ((-18 - 0) + 4).
49
What is the value of -3 - -23 - (67 - 91 - -27)?
17
What is the value of 5 + 22 + 15 - ((2 - -6) + -2)?
36
Calculate 7 + 46 + -5 + 285 + -298.
35
What is -10 + -2 - (4 + -28 + 28 - -25)?
-41
Evaluate (3 - (-16 + -3)) + (-19 - (2 - 34)).
35
What is 7 - (-29 - (-104 - -112 - (0 - -21)))?
23
What is the value of (2 - (30 - (-4 + 2))) + 54 + (-41 - 3)?
-20
Evaluate 1444 - 1452 - (-1 + 15) - (0 + 83).
-105
Evaluate 8 - (-20 + -58 + (-16 - (3 - 2))).
103
What is the value of 46 - (69 - 17) - (125 - (-2 - -1))?
-132
What is the value of -209 + 199 + (-6 - -5 - 16)?
-27
Evaluate -3 - -2 - (-581 + 562 + (-1 - -29)).
-10
Calculate 92 + (-97 + -91 - 10).
-106
What is 148 - (29 - (-14 + -40))?
65
61 + (-16 - -12) + -74
-17
What is 127 - -12 - (-268 + 337)?
70
Calculate -66 - -56 - (-1 + (-9 - (126 - -7))).
133
What is -54 + (-14 - (-11 - 17))?
-40
Calculate -21 + 28 - -7 - (-5 - -15) - (1 - -59).
-56
Calculate -66 + -3 + 2 + (20 - 3 - (15 + 5)).
-70
Calculate 70 + 100 + -164 + (94 + 2 - (-3 + 2)).
103
Evaluate -22 + -10 + 9 + -5 + -39.
-67
Calculate (12 - 18) + 3 + 7 + 0 + (102 - 104).
2
Evaluate (69 - 36 - 156) + 58.
-65
Evaluate 44 + (31 + -31 - 53).
-9
What is -16 + -1 + (-110 - -105) - -37?
15
What is -105 + 7 + 11 + (15 - 12)?
-84
What is the value of 1043 - 1077 - (-22 - -1)?
-13
Evaluate -11 - (18 - (25 + 129 + -7)).
118
-21 + -23 + 16 + (-37 - -35)
-30
11 + (22 - (-10 + 32)) + (-92 + 1 - 2)
-82
(0 + -47 + 6 - -12) + -37
-66
What is the value of (356 - 336 - (-7 + 2)) + -17?
8
What is (-4 - (3 + -2)) + 35 + (-14 - 11)?
5
What is (20 - 38) + 6 - (15 + 2 + -93)?
64
What is 6044 + -5947 - (-1 - (-2 - -28))?
124
Calculate (-11 - (-2 + 1)) + -77 + 27 + 12.
-48
What is -9 - 2 - (88 - 91 - (-12 + -1))?
-21
Calculate (49 + -102 + 36 - (0 + -13)) + 42 + -1.
37
What is 78 - (26 + -8 - 10) - (0 + -6 - -18)?
58
What is the value of -2 + -17 + 9 + 23 + (-9 - -4) - 9?
-1
Evaluate 1 + 43 - (-698 + 723).
19
What is 13 + (12 - 8) + -19 + 8 + 1 + 16?
23
Calculate 18 - ((-2 - 26) + (-95 - -88)).
53
What is the value of 21 + (26 - (26 - -57)) + 0?
-36
9 - ((-10 - 1 - -1) + 10 + (-53 - 18))
80
What is the value of -2 + -71 + 492 + -380?
39
What is the value of -8 + 1 - 1 - (118 - (38 + 87))?
-1
What is (0 - -5 - (21 - (17 - 2))) + 7?
6
Evaluate -20 + (-2 - -6) - (-18 - -9).
-7
What is the value of (-26 - -2 - -31 - 17) + (28 - 5)?
13
What is the value of -1 + 0 - (-7 - (-28 + 12 + 35))?
25
-112 + 20 + 65 + -67
-94
Evaluate (-159 + 111 - 47) + 63.
-32
What is the value of -8 - (-115 - (35 + -119))?
23
-2 + 1 + 23 - (-2862 + 2878)
6
Calculate 44 - (169 + -51 - 18).
-56
Calculate 6 - ((-37 - (9 + 0)) + 4) - 9.
39
What is -6 + (20 - 86) - (21 + -66)?
-27
Evaluate (2 - 0) + -7 + -10 + 59 + 4.
48
Calculate 8 - (-8 + -16 + -6 + 25).
13
Calculate 3 - -37 - ((-51 - -8) + 19).
64
What is (-17 - (-36 - -18) - (-12 - -14 - -9)) + 11?
1
What is 3 + -2 - (16 + (13 - 7) + -132)?
111
-75 - ((6 + 35 - 16) + -21 - -7)
-86
Evaluate 6 + 1 + 5 + (-34 - -22).
0
What is the value of (-144 - -85) + 118 + -22?
37
Calculate (-4625 - -4596) + (1 - 20).
-48
Evaluate -12 + -63 + 56 + -42.
-61
Evaluate (8 - (-1 - -20)) + (-46 - -24) - -13.
-20
What is the value of -2 - (-13 + -8 + 2 + 46 + -38 + 4)?
5
What is 2 + -2 - 0 - ((-14 - -99) + (10 - 7))?
-88
Calculate (-2 - 37) + 17 + 12.
-10
What is -31 - 0 - (-65 - (-36 + -24))?
-26
What is 6 - 24 - (0 + -10) - -6 - -59?
57
(-2 - (0 + -1)) + -215 + 171
-45
Calculate -13 - -7 - -150 - (-14 + 23 + 12).
123
-25 + 28 + (26 - 32) + -40
-43
Evaluate -103 + (122 - -3) - (1 + 34).
-13
Evaluate -4 - (99 + -1 - ((51 - 20) + -14)).
-85
What is -52 + (9 - (13 + 8)) + 8 - (1 + 4)?
-61
-78 + 4 + (11 - (0 - 8)) + -1 + -7
-63
What is (2 - (-15 + -7 + 17)) + (3 - -2 - 10)?
2
Calculate -1 + 7 + 2 + 7110 + -7186.
-68
Calculate -5 + (-33 - -1) + 52 + -48 + -9 + 9.
-33
Calculate -53 + 24 + 9 + -22.
-42
What is the value of -100 + (260 - 101) + -9?
50
What is 58 + -57 + -22 + -3 +